+ -23 - -13)?
5
Evaluate 1 + 2 + -12 + 6 + 9.
6
(6 - 4 - -4) + 1 - 6
1
3 + (0 + -1 + 4 - 10)
-4
What is the value of (-10 - -4) + 6 + (0 - -1)?
1
-2 + (18 - 3) + -9
4
Evaluate 7 - (7 - -2 - 2).
0
What is the value of -1 + -6 + (-9 - -16)?
0
Calculate 11 + -2 + -5 + 2.
6
3 + (6 + 0 + -4 - 4)
1
Evaluate 1 - 4 - (6 - 12 - -1).
2
Evaluate (9 - -1) + (9 - (28 - 13)).
4
Calculate 17 + -5 - (5 + -2) - 3.
6
Evaluate (-14 - (1 - (0 - -4))) + 5.
-6
-4 - (4 + -4 + -3 + 2)
-3
What is the value of (4 - 2 - -4) + -3?
3
-2 - (-12 + 5 - -5)
0
(3 - 3) + (2 - 4)
-2
-31 + 37 - (3 + 3 + 1)
-1
6 + -10 + 3 - (-4 + 3)
0
1 - 1 - -10 - 4 - 4
2
Evaluate (-6 - -11) + 1 + -1.
5
What is the value of 1 + -5 + 2 + 5?
3
5 - (4 + -2 - -9 - 2)
-4
Calculate 3 - ((1 - (2 - 8)) + -3).
-1
Calculate -8 - (-2 - (3 + 1)).
-2
14 - 14 - (9 + 5 + -5)
-9
What is the value of (3 - 1 - (2 - 0)) + 2?
2
What is the value of -2 + (-5 - -7) - (1 - 6)?
5
5 - (6 - -5) - -7
1
Calculate 2 + -5 + 11 + (-3 - 3).
2
What is the value of -3 - (4 - (0 - -6) - -3)?
-4
Evaluate 1 + 1 + 11 + -13 - 1.
-1
Evaluate -7 - -7 - (4 - 0).
-4
What is the value of (-20 - (-17 + 3)) + (1 - -5)?
0
Evaluate (-9 - -7) + -2 + -2 + 5.
-1
Calculate -4 + 1 - (-6 + (-14 - -12)).
5
(-2 - (1 - 5)) + -4
-2
Calculate -2 - 6 - (3 + 2 + -8).
-5
Calculate 9 + -2 + (-8 - -3).
2
-13 + (-27 - -37) + -2 + 0
-5
4 - 1 - (3 + 0)
0
Calculate 0 - (3 - (-1 + -3 + 3)).
-4
Calculate (-3 - (-4 + -10)) + -5.
6
What is -3 + 2 + -1 + (-4 - -10)?
4
11 + (-19 - -10 - 2)
0
What is -4 - 3 - (-1 - 3)?
-3
What is the value of (-5 - (-3 - 4)) + -8?
-6
Evaluate (1 - 3) + 14 + -12.
0
What is the value of 0 + -6 + (18 - 14) + -2?
-4
(-5 - -12) + -12 + 4
-1
Calculate -9 - (3 + -4 - 4).
-4
What is 1 + 1 + -17 + 15?
0
Evaluate 35 + -41 + (0 - -3).
-3
Evaluate 3 - 0 - (-2 + 4).
1
(0 - 3) + (-1 - 2)
-6
What is the value of 21 + -11 - (-7 - -9)?
8
What is -2 - 1 - (-4 - -2)?
-1
Evaluate -3 + (-2 - ((3 - 8) + 0)).
0
What is the value of (1 - -1) + 1 + 0?
3
What is (-1 - (-15 - -3)) + (11 - 15)?
7
Calculate 0 - 1 - (-1 - 2).
2
Evaluate -1 + 11 + (-3 - 11 - -8).
4
What is 13 - (7 + 2 + -4) - 1?
7
What is the value of -4 + (-1 - (3 - 6))?
-2
Evaluate (-3 - 0) + 8 + 1 + -2.
4
Calculate 6 - (7 - (6 + (-12 - -7))).
0
What is the value of 5 + (2 - (-3 + 9))?
1
What is the value of -4 + 1 - (5 - 9)?
1
Evaluate 3 - 1 - (-2 - (6 + -5)).
5
Evaluate -5 + 0 - -9 - -1.
5
What is (8 - (4 + 3)) + -5?
-4
Calculate 6 - (16 + (6 - (0 + 12))).
-4
What is 36 + -43 + 0 + 0 - -10?
3
Evaluate 1 - 2 - (-8 + 15 - 13).
5
What is the value of 6 + -3 + (2 - 0)?
5
What is (-6 - -1) + (-3 - (-4 + -4))?
0
6 - (-6 - (-5 - 11))
-4
Calculate 1 + 0 + 1 - (10 + -12).
4
Evaluate -6 + -4 + 3 + 10.
3
What is 7 - (0 - 7 - -8)?
6
What is -3 + (-1 - -2) + (-8 - -12)?
2
What is the value of -7 - (-10 + 4) - (-2 + -1)?
2
What is the value of -2 + (-2 + 0 - -3) - -3?
2
Evaluate (-7 - -15) + -2 + -1 - 0.
5
What is the value of 5 - (-8 - -12) - 6?
-5
-15 - (-8 + (14 - 12))
-9
Evaluate 2 + (-3 - (3 + -2 + -2)).
0
Evaluate 1 - (-3 + 0 - -2).
2
(6 - 1) + -1 + -11 + 6
-1
Evaluate 7 + 2 + (-3 - 1).
5
What is the value of 0 - 3 - (-4 + 3) - 3?
-5
2 - ((-4 - 0 - -1) + 3)
2
-10 + (3 - 3) + 5
-5
Calculate 4 - (4 + -2) - (8 + -1).
-5
1 + -5 - (0 + 0 + -2)
-2
Calculate (8 - 4) + (2 - -3) + -5.
4
-7 - ((4 + -5 - -7) + -14)
1
Evaluate -5 + 1 + 11 + (0 - 3).
4
Evaluate -6 + (-1 - -2 - (-12 + 8)).
-1
What is 4 + (-7 - (1 - (-3 + 7)))?
0
What is -3 - (2 + -1) - -4?
0
Evaluate -6 + 25 + -14 + -7 + -1.
-3
Calculate -1 - (-1 - 11 - -12).
-1
What is the value of -30 - -48 - (11 - 0)?
7
Calculate (-3 - 1) + (-1 - -1 - -2).
-2
(-8 - -4) + (-1 - -11)
6
What is the value of 0 + 6 - 0 - 2?
4
What is the value of 6 + -4 - (-2 + 4 + 1)?
-1
3 + (0 - -4 - 2) + -2
3
Calculate 1 - (-3 - -3 - -3).
-2
1 + -5 - (-4 + -6 + 4)
2
What is 6 + 3 + -9 + 0?
0
What is (-1 - 9) + (85 - 80)?
-5
Evaluate -2 - (-4 - -14) - -2 - -4.
-6
Calculate -1 + (6 - 3) + -1 + 5.
6
-1 - (-3 + -1 + 5)
-2
Calculate 0 + (0 - (-4 + 6 + 0)).
-2
What is the value of (2 - 4) + (5 - -2) + -2?
3
What is 0 + (3 - 0) + (3 - 6)?
0
What is -7 + -7 + 6 + 4 + 0?
-4
Evaluate 4 + -11 + 3 - -1.
-3
What is (-9 - -8 - (-1 + 4)) + 6?
2
28 - 7 - 6 - 19
-4
Evaluate (3 - (6 + -3 - 1)) + 1.
2
Calculate (0 - -5) + -8 - (-1 - 0).
-2
What is the value of (-34 - -43) + -6 + 2?
5
Calculate -3 - -7 - -4 - 6.
2
What is the value of (2 + 0 - 8) + 4?
-2
What is the value of 2 + -1 - (3 - 1) - -2?
1
Evaluate (5 - 0) + 2 + (-10 - 3).
-6
What is -4 - (-5 - 0 - -5)?
-4
Evaluate 9 + 3 + (26 - 28).
10
What is the value of 0 - (3 - 1 - 5)?
3
(-6 - -2) + (7 - 4 - 2)
-3
What is the value of -16 - (-11 - (14 + -14))?
-5
What is 2 + -18 + 23 + -16?
-9
Calculate -1 - (-2 - -5 - (8 + -1)).
3
Evaluate -2 + -5 - (-5 + -2).
0
1 + (3 - 11) + 1 + 1
-5
Calculate 2 - (-3 - (-5 + 0)).
0
What is the value of 6 - (6 - 3) - 7?
-4
Evaluate -1 + (13 - 8 - 3).
1
Calculate (-1 - 6 - -8) + -6.
-5
Evaluate (6 - 14 - -2) + 7.
1
Calculate -6 - ((0 - 19) + -29 + 33).
9
Evaluate 11 + 8 + -15 + -7.
-3
What is 6 + 1 + -2 + (-2 - -1)?
4
-13 - 3 - -15 - (-8 + 1)
6
Evaluate -4 + 1 + 3 + 12 + -12.
0
What is -9 - (0 - 5) - -6?
2
Calculate -4 + (-8 - (-1 + -2)) + 5.
-4
What is the value of (-11 - (-1 - 7)) + -2?
-5
What is 1 + 15 - (-12 - -17) - 6?
5
Evaluate 0 + 5 + -5 - 3.
-3
Evaluate -2 + -3 - -9 - 2.
2
Evaluate 5 + -9 + 1 - (1 - 4).
0
Evaluate -7 + 14 - (-2 + 3).
6
What is (-4 - -3 - 3) + 4?
0
Evaluate -9 - (1 - (2 + 6) - -1).
-3
What is -10 - ((4 - 1) + -9)?
-4
What is 7 + (-14 - 8) + 11?
-4
Calculate 0 + -2 + 9 - (0 - 1).
8
Evaluate -6 + (-2 + -3 + 4 - -3).
-4
Calculate (2 - 7) + (9 + -19 - -17).
2
(-4 + 3 - 2) + 12
9
What is 67 - 72 - (0 + -4)?
-1
-2 + 4 + 4 + -3 + -3
0
0 - 9 - (-20 - -6)
5
Calculate -2 + -1 + -3 + 3.
-3
-3 - -1 - (-6 + -9 - -6)
7
Calculate -1 + -7 + (14 - 9).
-3
What is the value of 1 + -3 + 4 + -4 + -2?
-4
-7 - 0 - (2 - 4)
-5
Evaluate -3 - (2 - (4 - 1)).
-2
Calculate -7 + (1 + -1 - (13 + -21)).
1
Evaluate -15 + (6 - (4 + -7)).
-6
Evaluate 1 + 8 + -1 + (-17 - -16).
7
What is the value of 9 + -1 - (179 - 163)?
-8
Calculate 0 + (-2 + 0 - 0) + 2.
0
Evaluate (8 - (16 - 7)) + 7 + -3.
3
What is -12 - (-2 - (1 - -3))?
-6
Calculate (23 - 12) + -22 - -3.
-8
What is the value of (0 - 3) + (-5 - (-17 + 8))?
1
Evaluate 14 - ((23 - 20) + (6 - 2)).
7
Evaluate 9 - 2 - 8 - -2.
1
What is 1 - 3 - (9 - 17)?
6
What is the value of (-6 - -2) + -14 + 30 + -4?
8
4 - (-3 - -7) - 6
-6
What is -4 - (-7 + (2 - -3)) - -5?
3
(1 - 12) + (17 - 11) + 6
1
-7 + (3 - (-8 + 4))
0
What is -4 + -2 + 4 - -5?
3
What is the value of 8 - (10 + (-13 - -6))?
5
6 + (-6 - (-7 + 6))
1
What is (-7 - (-10 + 8 + 0)) + 5?
0
Evaluate 6 + -2 + -1 + -1.
2
What is -2 + 5 + -7 + 3?
-1
Calculate -15 + -1 - 5 - -12.
-9
Evaluate 13 - (24 - (-14 + 25)).
0
What is (-3 + 12 - 6 - 10) + 4?
-3
What is the value of (29 - 33) + (4 - (-1 - -2))?
-1
(-2 - -2) + -3 - -2 - -4
3
Evaluate 5 - 2 - (-10 + 6) - 15.
-8
Evaluate 9 + -10 + (6 - 0).
5
What is -4 + 11 + 0 - (-2 - -5)?
4
Calculate -4 + 0 - (-24 + 17).
3
What is -5 + 0 + -4 + 6 + 0?
-3
Evaluate 0 - -2 - 0 - (21 - 17).
-2
Evaluate 7 - (-4 - -3 - -5).
3
-3 - (-1 + 0 - (-1 + 2))
-1
What is (2 - -4 - -1) + -6?
1
Evaluate 8 + -3 + (-7 - -6).
4
-3 + 2 + -5 + 11 + -14
-9
1 + (5 - (-6 - -7))
5
Calculate (-9 - -2) + -2 + 8.
-1
Evaluate 10 - (-3 + 4 + 1).
8
Evaluate 0 + -6 + 18 + -17 + 5.
0
(5 - 2) + -3 + -4
-4
Calculate 4 + -1 + -2 + -8.
-7
What is (7 - 2) + -5 - (1 + -2)?
1
Evaluate -18 + -1 + 9 + 12.
2
10 + 2 - (10 + 2)
0
What is -9 - -1 - (-63 - -66) - -4?
-7
What is -1 + -3 + 5 + -2?
-1
Calculate 1 + -8 - (-20 - -14).
-1
What is -1 - (-8 + -3 + 5)?
5
-3 - -12 - (9 - 4)
4
Evaluate 0 - 2 - (-2 - -4 - -4).
-8
Calculate 1 + -2 + -3 + 7.
3
Evaluate -12 - (9 - 15) - -2.
-4
6 - (-7 + (1 + -3 - -8))
7
10 + -4 + -2 + 1
5
What is 4 - (0 + 8) - 3?
-7
Evaluate -1 + -1 + -1 + 1.
-2
Calculate 12 + -7 + -1 + -1 + 3.
6
What is 1 - 2 - (-23 - -19)?
3
What is the value of 2 + -2 - (7 - 4)?
-3
Evaluate 2 - (2 + 2 + 3 + -4).
-1
What is the value of -6 + 2 + (-8 - -7)?
-5
What is -1 - 5 - (-6 + -16 - -17)?
-1
Calculate -10 + 4 - (-2 - 3) - 2.
-3
-4 - (-10 - -1) - (1 - 1)
5
What is the value of (0 - -12 - 21) + 18?
9
Evaluate 4 - -1 - (0 + 3 + -4).
6
Cal